*3 + 377*u - 15*u**2 - 372*u + 21*u**2. Let q = -5 + 0. Let m be 30/q + (-1 - -2). What is n(m)?
-3
Let x(s) = -7*s**2 - 9*s - 12. Let m(l) = -7 - 5 - 6 - 13*l - 11*l**2. Let i(r) = -5*m(r) + 8*x(r). Suppose 26*z - 72*z = 230. Give i(z).
4
Let t(k) be the third derivative of k**4/24 - 7*k**3/6 + 493*k**2. What is t(3)?
-4
Let i(s) = 4*s**2 + 19*s + 14. Let o = 232 + -234. Let u(l) = -l**2 - 5*l - 3. Let d(g) = o*i(g) - 9*u(g). What is d(-5)?
-11
Let g(i) = i**2 + 2*i + 4. Let y be g(0). Let s be 1/3 - (130/(-15) - y). Let h(k) = 16*k - 5*k - 3 - s*k. Calculate h(-6).
9
Let b be 156/10 + 2/5. Let l(n) = -2*n**3 + 529*n**2 - 32*n + 3. Let s(u) = -u**3 + 237*u**2 - 16*u + 1. Let j(d) = 4*l(d) - 9*s(d). Calculate j(b).
3
Let x(y) = 0*y - 2*y + 174*y**2 - 1 - 176*y**2 - 7*y**3. Let n = 5 + -1. Suppose -z = -5*z - n. Give x(z).
6
Suppose -20*a + 143 = -357*a - 1205. Let j(c) = 3*c**2 - 4*c - 25. Calculate j(a).
39
Let z(x) = x**2 + 2*x - 20. Let g = -19237 - -19230. Give z(g).
15
Let n(t) be the second derivative of 0 - 36*t - 4*t**2 - 1/2*t**3. Let b be n(-5). Let r(q) = -q**3 + 6*q**2 + 7*q - 2. Give r(b).
-2
Let g(l) = 7*l + 3. Let v(j) = 3*j - 35 - 4*j + 38 + 6*j. Let m(a) = -5*g(a) + 6*v(a). What is m(-4)?
23
Let r(c) be the third derivative of -c**6/120 - 15*c**2. Let y(v) = 156 + 2*v - 39*v**3 - 2*v - 157. Let g(s) = 6*r(s) - y(s). Give g(-1).
-32
Let j(z) = z**3 + 7*z**2 + 9*z + 10. Suppose 10 = -3*n + 4*t, 103 = -2*n - 5*t + 81. Determine j(n).
-8
Let q(p) = -p**3 + 5*p**2 - p - 4. Let s(c) = -2*c**2 + 32*c - 17. Let t be s(14). Let j = -31 + t. Suppose -9*g = -j*g - 4. Determine q(g).
8
Suppose -1 = -d + 3. Suppose -19 = u - 4*u + 4*i, i + d = 0. Let v be 0*(-3)/6*u/2. Let k(t) = -t**2 + 9. Give k(v).
9
Let t(p) = -2*p + 52. Let a(q) = -21*q - 91. Let z(g) = -45*g - 181. Let b(j) = -13*a(j) + 6*z(j). Let v be b(-24). Calculate t(v).
2
Let b = 54 + -92. Let a = b - -42. Let s(n) = -13 + 3 + 1 + n + 5. Determine s(a).
0
Let b(n) be the third derivative of -19*n**4/6 + 79*n**3/6 + 1666*n**2 + 4. Determine b(1).
3
Let d(x) = -7*x + 26. Let t(l) = -l**3 + 47*l**2 - 85*l - 220. Let w be t(45). What is d(w)?
-9
Suppose 5*f - 120 = 11*f. Let b be (-2 - (-220)/50)*f/(-6). Let q(c) = c - 2. Give q(b).
6
Let j be (12/16)/((-89)/(-1068)). Let b(z) = -z**2 + 9*z. Calculate b(j).
0
Let v = 257 + -255. Let x(r) = 36*r + 4*r**2 - 11 + 2*r**v - 45*r - 5*r**2. Determine x(9).
-11
Suppose 60*o + 33 = 5*f + 59*o, -o = 5*f - 27. Let d(a) = a**3 - 6*a**2 + 14*a - 7. What is d(f)?
77
Let y(w) = 107*w + 1603. Let z be y(-15). Let d(t) = 6*t**2 - 19*t - 41. Give d(z).
21
Let s(w) be the third derivative of 0*w - 2*w**2 + 1/6*w**4 + 1/120*w**6 - 34 - 1/6*w**3 - 1/12*w**5. Give s(3).
-7
Let m(j) be the third derivative of j**6/120 + 11*j**5/60 + j**4/3 + 31*j**3/2 + 2*j**2 - j + 1583. Give m(-11).
5
Let n(m) = m**3 + 15*m**2 - 4*m - 5. Let c be n(-12). Suppose c = x - 464. Let g(r) = 4 + 938*r**2 - x*r**2 + 6. Determine g(0).
10
Suppose -38*x - 155 - 73 = 0. Let z(r) = -6. Let l(s) = -s. Let m(o) = -2*l(o) - z(o). Give m(x).
-6
Let t(d) = d**2 - 21*d + 12. Let s = -3102 + 3118. Calculate t(s).
-68
Let b(l) = l**3 - l**2 + l + 5. Let c(f) = -6*f**3 + 9*f**2 - 6*f - 27. Let m(z) = 11*b(z) + 2*c(z). What is m(7)?
-6
Suppose -88*o + 23 - 85 = 26. Let z(s) = -5*s**2 - 20*s - 21. Give z(o).
-6
Suppose -z + 163 = 5*d, 0 = 122*d - 117*d + 2*z - 161. Let h(p) = p**2 - 43*p + 321. What is h(d)?
-9
Let h(n) = -n**3 + 7*n**2 + 11*n - 6. Suppose 2*u - 24 = -u. Let r be h(u). Suppose 4*z - 22 = -r. Let v(m) = -m. Determine v(z).
-1
Let w(y) be the first derivative of -y**4/4 + 3*y**3 - 3*y**2 - y - 5968. Determine w(8).
15
Let f(p) = -p**2 + 5*p - 6. Let n(s) = -s**2 + 29*s + 62. Let c be n(-2). Let x be (-85)/(-17) + c + 2. Determine f(x).
-20
Suppose 42 = -23*s + 37*s. Let n(b) = -12*b - 4*b + 16 + 6*b - s*b - b**2. Give n(-14).
2
Let j(u) be the second derivative of u**4/12 - u**3/3 + u**2/2 + 17*u. Let f(v) = 2*v - 39. Let z be f(21). Give j(z).
4
Suppose 0 = 4*h + i - 13 - 13, 28 = 3*h + 5*i. Suppose -2*j = -p, 4*p - j = h*p + 15. Let q(s) = 6*s**2 - 4522 + 11*s**2 - 16*s**2 + 3*s + 4522. Give q(p).
18
Let u be (102/(-12))/(7/14). Let q(s) = s**2 + 14*s - 42. Give q(u).
9
Let w(i) = -i**2 + 9*i - 7. Let o be 6*1 - (16 + 8 + -24). Give w(o).
11
Let p(g) = g**2 + 7*g - 7. Let b(v) = v**3 + 3*v + 28. Let n be b(7). Let s = -398 + n. Determine p(s).
-13
Let l = -11747 - -11750. Let w(n) = 3*n**3 + n**2 - 3*n. Calculate w(l).
81
Let g(o) = 9*o**2 - 16 + 126*o - 259*o - 8*o**2 + 124*o. Determine g(9).
-16
Let j(p) = -83*p**2 - p. Let i(z) = -1028*z - 7195. Let u be i(-7). What is j(u)?
-84
Let u = 6 + -3. Let b(t) = -1 + t + u*t + t**2 - 2*t**2. Suppose s - 20*q + 19*q - 10 = 0, 6*q = 2*s - 48. Give b(s).
2
Let n(x) = -x**3 + 5*x**2 + x + 7. Let u be 6/((-1442)/(-357) - 4). Suppose 48 = -21*y + u. What is n(y)?
12
Let z(b) = -13*b**3 - 18*b**2 - 53*b + 63. Let t(w) = 8*w**3 + 10*w**2 + 27*w - 33. Let r(c) = 5*t(c) + 3*z(c). Give r(7).
3
Suppose z - 14*z = -260. Let v = z - 18. Let s(c) = 4*c**2 - 8*c + c**3 + 3*c + 6 - 7*c**v - 2. What is s(4)?
0
Let y(s) be the third derivative of s**8/6720 - s**6/720 + 19*s**5/60 - s**4/8 + 4*s**3/3 + 39*s**2. Let n(t) be the second derivative of y(t). Give n(0).
38
Let q(n) = -n**2 - 2*n + 1. Suppose -5*u = 631 + 129. Let s = -126 - u. Suppose 3*v - s = -32. Give q(v).
1
Let m(r) = r**3 - 8*r**2 + 2*r - 3. Suppose -4*f + 0*f = k - 20, -f = 4*k - 20. Let v be (-3)/((-15)/f)*(-10)/(-1). Give m(v).
13
Let v(s) = 9*s + 41. Let i(g) = -5*g - 23. Let q(x) = -7*i(x) - 4*v(x). Let m be (56/(-35))/(1/5). Give q(m).
5
Let t(r) = -4*r + 80. Let c(f) = 3*f - 55. Let w(j) = 7*c(j) + 5*t(j). What is w(-16)?
-1
Let l(t) = t**3 - 5*t**2 - 7*t - 20. Suppose 81 + 51 = 6*k + 90. Determine l(k).
29
Let c(l) = -l**2 + 1. Let o(z) = 8*z**3 + 6*z**2 - 5. Let r(a) = -4*c(a) - o(a). Let i(b) = 223*b + 668. Let u be i(-11). Let s = 1784 + u. Calculate r(s).
7
Let h(m) = -m**2 - 10*m - 13. Suppose -2*c - 11 + 17 = 2*z, -3*c + z = -9. Suppose 0 = -20*b + 19*b + o - 6, 5*o = 2*b + c. What is h(b)?
-4
Let j(a) = -a**2 + 5*a - 2. Let l(r) = -32 + 8*r**3 + 31 - 2*r**3. Let u be l(1). Suppose -4*d + p - 3*p = -26, -u*d + p = -22. What is j(d)?
-2
Let w = 37 - 31. Suppose 0 = -w*a + 13 + 17. Let n(g) = -2*g**2 + g + 4*g**3 + 5*g**2 - a*g**2. Determine n(1).
3
Let z(r) = r**3 + 6*r**2 + 198*r + 769. Let b be z(-4). Let a(p) be the first derivative of -1/4*p**4 - 7/2*p**2 + 10/3*p**3 - 3*p + 4. Calculate a(b).
15
Let u be -12 + 23 + (17 - 41). Let b(c) = 6*c**3 + 13*c**2 - 4*c + 9. Let s(j) = -7*j**3 - 13*j**2 + 5*j - 9. Let n(l) = 6*b(l) + 5*s(l). Give n(u).
-4
Let l(f) = f + 5. Let o(s) be the second derivative of s**3/6 + 11*s**2 - 36*s. Let k be o(-11). Let c be (4/8)/1 - k/(-2). Give l(c).
11
Let d(g) = -13*g**3 - 29*g**2 - 24*g + 3. Let m(t) = 5*t**3 + 10*t**2 + 9*t - 1. Let b(y) = -3*d(y) - 8*m(y). Give b(7).
-1
Let n(q) be the second derivative of 0*q**2 - 1/20*q**5 - 18*q + 1/2*q**3 + 1/3*q**4 + 0. Give n(5).
-10
Let i(v) = -v + 20. Let o be (-453)/(-15) + (-1)/(10 + -5). Let u be i(o). Let m(k) = k**3 + 10*k**2 - 9. What is m(u)?
-9
Let m(t) = t + 4. Let r(x) = 2*x + 7. Let w(h) = 9*m(h) - 4*r(h). Let p(v) = -12954*v + 479298. Let a be p(37). Determine w(a).
8
Let h = -15 + 9. Let a(l) be the third derivative of 1/6*l**4 - 405*l**2 + 0 + 1/60*l**5 - 7/6*l**3 + 0*l. Calculate a(h).
5
Let l(n) = n**3 - 2*n**2 - 2. Let x(w) = -3*w - 23. Let y(j) = -j**2 + 18*j - 23. Let b be y(17). Let o be x(b). Let g be o/((-5)/3) + -1. What is l(g)?
-2
Let d(c) = -146*c - 261. Let b(i) = 75*i + 131. Let s(y) = -11*b(y) - 6*d(y). Give s(-3).
-28
Let l be (-2)/(-3)*21/2. Suppose 4*o + 23 = 5*b, 4*o = l*o - 9. Let x(y) = -b + 6*y - y - 4*y. What is x(0)?
-7
Let p(x) = x**2 + 2*x - 10. Let z = -362 - -368. Suppose 2*k + 3 = t - 2*k, -z = 3*k. Determine p(t).
5
Suppose 0 = 12*p + 13*p + 752 - 577. Let b(x) = -2*x**2 - 3*x + 20. What is b(p)?
-57
Let x be 34/(-51) + (-1)/((-3)/(-13)). Suppose 4*h + 1 - 9 = 0. Let u(a) = 8*a**2 - a**3 - 25*a**2 + 13*a**h + 5*a + 6. Give u(x).
6
Suppose 3*g - 70 = 4*l, 4*g - 70 = 225*l - 222*l. Let k(j) = j**2 + 13*j - 3. Let b(h) = h + 1. Let d(p) = 3*b(p